h - 3*h = 4*y - 58. Suppose -2*i - 4*u = -88, -y = 3*i - 4*u - 156. Let p = i - 28. What is the units digit of p?
8
Let u(a) = -9*a + 14. Let t be u(-10). Suppose -428 = -4*b - 4*n, 0 = b - 3*n + 5*n - t. What is the hundreds digit of b?
1
What is the units digit of (-45)/(-27)*(5 - -628)?
5
What is the hundreds digit of ((-23940)/(-225))/((-2)/(-20))?
0
What is the tens digit of ((-234)/(-12) + 2)*20?
3
Suppose 0*f - f + 4 = 0. Suppose -f*k - 5*n + 180 = -2*n, -5*k = 2*n - 232. What is the tens digit of k?
4
Let s = 4 - 3. Suppose 0 = -4*n + s + 11. What is the units digit of (-6)/(-9) + 19/n?
7
Let u(n) = 5 - 4 + 2*n**2 - n**3 + 5*n - 2. Let x be u(3). Suppose -x*k = -k - 212. What is the tens digit of k?
5
Let y(w) = w**3 - w**2 + 2*w - 14. Let x be y(0). Let b = x - -41. Let c = b + 8. What is the units digit of c?
5
Suppose 2856 = 6*y - 14*y. Let k = -198 - y. What is the tens digit of k?
5
Let q = 38 - 35. Suppose -q*g - 5*g + 264 = 0. What is the units digit of g?
3
Suppose 5*l = -113 + 313. What is the tens digit of 92/(-8)*(0 - l/4)?
1
Let p(u) be the third derivative of 13*u**5/120 - 2*u**3/3 + 5*u**2. Let n(r) be the first derivative of p(r). What is the units digit of n(1)?
3
Let i be (0 + 0)*(1 - 2). Suppose -x + 13 = -4*s, 3*x + 3*s = -i*s - 6. What is the units digit of (-7 - -3)/(-4) + x?
2
Suppose w = q - 2*w - 428, q - 4*w - 424 = 0. What is the tens digit of q?
4
Suppose -5*u - 5*d + 215 = 0, 4*d + 115 = 4*u - 81. Suppose 21 + 39 = y. Suppose -2*p = -3*z - u, 5*p - 3*z - y - 64 = 0. What is the tens digit of p?
2
Let w be 976/(-10)*60/(-24). Suppose 3*l + 51 = s, 5*s + 2*l - w = 6*l. Suppose 2*y = 138 - s. What is the tens digit of y?
4
Suppose 0 = 2*m + 2*h - 32, 28 = m + 6*h - h. Suppose 0 = -3*y + o - m, -4*y - 4*o = -3*y. What is the tens digit of (y + (-13)/1)*-3?
5
Let m(l) = 17*l + 1 + 13*l**2 - 16*l - 4*l**2. What is the units digit of m(-1)?
9
Let j be (-4 - -5) + 0 - -16. Suppose 0 = 7*g - j - 4. Suppose -3*x - g*o = -81, 4*o + 3 - 15 = -x. What is the units digit of x?
2
Let p(s) be the third derivative of 11*s**4/24 + 5*s**3/6 + 11*s**2. What is the tens digit of p(8)?
9
Let i = -8 - -11. Suppose -21 = i*n + 15. What is the units digit of (2*-1)/(n/174)?
9
Suppose -29 = -4*q - 13. Let b(p) = p**3 - 28*p**2 - 61*p + 46. Let n be b(30). Suppose 0 = 2*k, -q*k = 3*m - n - 38. What is the units digit of m?
8
Let y = 40 - 21. Suppose r + 4*q - 39 = y, -r - 2*q = -48. Let v = r + -2. What is the tens digit of v?
3
Suppose -11395 = -2*t + 5*h, -4*t - 7*h + 22781 = -8*h. What is the thousands digit of t?
5
Suppose -5*m = 3*b - 83, -b + 4*b = -4*m + 79. Let v = 133 + b. What is the tens digit of v?
5
Let d(x) = -3*x + 11. Suppose 0 = -0*b - 3*b - 5*p - 7, -2*p = b + 1. What is the tens digit of d(b)?
3
Suppose 0 = 114*m - 104*m - 14550. What is the tens digit of m?
5
Let u(k) = -k**3 + 8*k**2 + 10*k - 8. Let h be u(9). Let p(n) = -2 + 10*n + 5*n + 9*n + 1. What is the tens digit of p(h)?
2
Suppose 0 = 3*m + 121 + 53. Let r = -27 - m. What is the tens digit of r?
3
Suppose -29*t + 33*t + 9255 = 5*n, 4*n = -t + 7404. What is the tens digit of n?
5
Suppose 2*z - 7299 + 429 = 0. What is the units digit of z?
5
Let t be (-1)/(-3)*(-3 - -12). Suppose -x + 4*y = -3 + 13, t*y = 2*x + 30. Let q = x + 38. What is the units digit of q?
0
Suppose -7*z = -4*z + 105. Let b be ((-2)/(-2))/((-10)/40). What is the units digit of (-5)/(b - z/9)?
5
Let k be ((-15)/6)/((-45)/108). Suppose k = 2*d, -5*l + 582 = -l + 2*d. What is the tens digit of l?
4
Let q(h) = h**3 + 8*h**2 - h + 6. Let n(r) = -2*r - 10. Let v be n(-7). Suppose -24 = -v*p + 7*p. What is the units digit of q(p)?
4
Suppose 0 = x - 2*i + 9, -x + 0*x - i - 18 = 0. Let a be 1*-1 + (-675)/x. Let d = 111 - a. What is the tens digit of d?
6
Let c = 108 - 104. Suppose -v + 0*v = 5*y - 184, y + c = 0. What is the units digit of v?
4
Suppose -45*k + 46*k = 111. Let i = k - 1. What is the tens digit of i?
1
Let p(y) = y**2 - 11*y + 6. Let i be p(-8). Let j = i + 90. What is the units digit of (-3)/(-1) + j/8?
4
Suppose 10*f - 4*g = 7*f + 3603, -1185 = -f - 4*g. What is the thousands digit of f?
1
Let p(v) = v**2 + 0*v**2 + 7*v - 14*v - 2*v**2. Let q be p(-7). Suppose q = -2*n - 3*y + 103, -3*n = y - 16 - 128. What is the units digit of n?
7
Suppose 8*p - 2990 = -5*u + 4*p, -5*u + 2980 = 2*p. What is the tens digit of u?
9
Let c be (1 - 1)*(-3)/(-6). Suppose c = 5*k - 286 + 61. What is the units digit of k?
5
Let q(z) = -4*z - 7 + 4 + 3*z**2 - 10. What is the units digit of q(6)?
1
Suppose -8*d + 10148 = -17116. What is the hundreds digit of d?
4
Suppose -812 + 15410 = 9*c. What is the hundreds digit of c?
6
What is the tens digit of ((-6)/(-12))/((-2)/4656*-1)?
6
Let i(h) = h - 9. Let x be i(9). Suppose -4*d = -x*d. Suppose d*f = -3*f + 60. What is the tens digit of f?
2
Let m(d) = d + 18. Let x(s) = 1. Let k be (-4)/(-2 - (-9)/3). Let p(a) = k*x(a) + m(a). What is the units digit of p(0)?
4
Let c = 2027 + -120. What is the tens digit of c?
0
Let n = 66 - 38. What is the tens digit of (-8)/(-10)*2450/n?
7
Let j be (5/30 - 5/30)/1. Let c be (-4)/14 - (-74)/14. Suppose j = 3*p - 6, -3*r = -2*r + c*p - 17. What is the units digit of r?
7
Let d = -18 + 20. Suppose f - 4*u - 10 = -d*u, -2*u + 110 = 5*f. Suppose -2*n = -28 - f. What is the tens digit of n?
2
Let m = -101 - -177. Let l = 38 + m. What is the tens digit of l?
1
Suppose -t - d = -23, -d + 6*d + 65 = 5*t. Let y be t/(-12) + 2/4. What is the tens digit of y/(119/60 + -2)?
6
Suppose 0 = 2*c + 2, 4*w - 4*c = 72 + 12. Suppose 38 = 4*o - 3*z, -5*o + 3*z + 26 + w = 0. Let b = o + 13. What is the units digit of b?
1
Let y(x) = -x**3 - 9*x**2 - 10*x - 16. Let v be y(-8). Let n be 2/(v + 1 - 0). What is the tens digit of n/3 - (-127)/3?
4
Let s = 911 + -275. Let p = s + -442. What is the hundreds digit of p?
1
Let k(b) = b + 8. Let f be k(-4). Suppose -t + f*m = -0*m + 3, 7 = t - 2*m. What is the units digit of t?
7
Let x(q) = 4*q**2 - 3*q + 2. Let o = 16 - 13. Let u be x(o). What is the units digit of 20/(-15)*(2 - u)?
6
Let v be (-3)/(-6)*(-8)/(-2). Suppose 3*p - 3 = 0, -2*f - v*f = -5*p + 121. Let x = f + 62. What is the tens digit of x?
3
Suppose 8 + 0 = -4*p. Let z be 6/p - (8 + -15). Suppose 2*d = -0 - 4, 5*d + 214 = z*s. What is the units digit of s?
1
Let f = -74 + 76. What is the units digit of (21/12)/((-2)/(-48)*f)?
1
What is the units digit of 12/(-6)*-2*(-524)/(-16)?
1
Suppose -2 = 3*h + 10. Let o(q) = -5*q**3 - 6*q**2 + 5*q + 7. Let w(p) = -p**3 - p**2 + p + 1. Let l(j) = h*w(j) + o(j). What is the tens digit of l(-4)?
3
Suppose 58445 = 32*a + 7661. What is the hundreds digit of a?
5
Let o be (-72)/(-10)*(-240)/(-9). Let i = -125 + o. What is the tens digit of i?
6
Suppose 5*l - 342 = 133. Suppose l - 28 = d - 4*c, -3*d = c - 175. What is the tens digit of d?
5
Let m = 1 - -6. Let q be 2 + -1 - (-215 - m). Suppose -4*a + q = -o, -278 = -5*a + 2*o - o. What is the tens digit of a?
5
Let a = -4 - -80. Let p = a + 93. What is the hundreds digit of p?
1
Let p(c) = 12*c - 258. What is the hundreds digit of p(37)?
1
Let g(i) = i**3 + 13*i**2 + 5*i - 10. Let l(a) = -2*a**3 - 25*a**2 - 10*a + 19. Let k(j) = 7*g(j) + 3*l(j). What is the tens digit of k(-15)?
3
Suppose 2*o - r - 277 = 2*r, o - 2*r - 137 = 0. What is the tens digit of o?
4
Suppose 3*l - 16*s = -15*s + 10284, 2*l = 5*s + 6856. What is the thousands digit of l?
3
Let s = -2518 - -3584. What is the units digit of s?
6
Let h(r) = -r**3 - 4*r**2 - r + 6. Let p(m) = -m - 4. Let n be p(-6). Suppose i + 12 = -n*i. What is the tens digit of h(i)?
1
Let k = -45 + 30. Let l(a) = -a**3 - 14*a**2 + 13*a - 3. What is the units digit of l(k)?
7
Suppose -6*a - 1496 = -3*a + 2*m, -a - 5*m = 503. What is the tens digit of -5 + a/(-3) + (-6)/(-3)?
6
Let w = 194 - 148. What is the tens digit of w?
4
Let l(r) = -2*r**2 - 7*r - 4. Let s(d) = -3*d**2 - 10*d - 6. Let t(o) = -8*l(o) + 5*s(o). Let j be t(-5). What is the units digit of 8/(12/3) - j?
5
Suppose -21*k + 32602 = -37475. What is the hundreds digit of k?
3
Let o(u) = u**2 - 9*u - 7. Let z be o(7). Let f = -17 - z. Let p(r) = r**2 - r + 1. What is the tens digit of p(f)?
1
Let c be 24/60 + (-26)/(-10). Suppose 0 = -5*h + 5*b + 65,